pose z = 2*h + 3*z - 104, h = 4*z + 32. Suppose -11*a = -5*a - h. Calculate the remainder when 14 is divided by a.
6
Suppose 2*u - 34 - 52 = 0. Let i(o) = 26 - 29 - 3*o + o**3 - 5*o**2 + 0*o**2. Calculate the remainder when u is divided by i(6).
13
Let v(b) = b**3 - 29*b**2 - 28*b + 5. Calculate the remainder when v(30) is divided by 17.
14
Let f(l) = -2*l - 1. Suppose 0 = 4*r - 16, 2*r + 38 = 2*m + 7*r. Let b be -5*(m/5)/3. Calculate the remainder when 12 is divided by f(b).
2
Let z(o) = 3*o**2 + o + 1. Let n(d) = -d**2 + 4*d. Let j be n(3). Let t(f) = 9*f**3 - 1. Calculate the remainder when z(j) is divided by t(1).
7
Let b = -82 - -178. What is the remainder when 765 is divided by b?
93
Let d(h) = -h + 8 + 6 + 5 + 2*h. Calculate the remainder when 11/4 - (-3)/12 is divided by d(-17).
1
Suppose 35*z = 2188 + 1767. What is the remainder when z is divided by 23?
21
Suppose 0 = 2*a - 79 - 27. What is the remainder when 93 is divided by a?
40
Let t = 702 - 677. Calculate the remainder when 273 is divided by t.
23
Let u = -1888 - -1902. What is the remainder when 411 is divided by u?
5
Suppose -295 = -2*p - 115. Suppose p = -3*l - 2*l. Let n = l - -19. Calculate the remainder when 3 is divided by n.
0
Suppose -2*x + 4*q = 2, -54*x + 5*q - 2 = -51*x. Calculate the remainder when 12 is divided by x.
0
Let f = -33 + 35. Suppose -p + f + 18 = 0. Calculate the remainder when 39 is divided by p.
19
Let j be -5*(2*2 + 1 + -6). Suppose -x = -j*x + 32. Calculate the remainder when x is divided by 7.
1
Suppose b + 5*s = -b + 58, -s + 50 = 2*b. Let v be b/40 - 72/(-5). Calculate the remainder when 6/(6 + -3)*v is divided by 16.
14
Suppose -11 + 3 = -4*u. Let k be -7 + (-3)/u*-2. Let z(a) = 3*a**2 + 5*a - 2. What is the remainder when 51 is divided by z(k)?
25
Suppose -11*x + 2486 + 220 = 0. Calculate the remainder when x is divided by 98.
50
Suppose 6*i = 7*i. Let v(h) = 3*h + 24. Let c be v(-7). Suppose i = -3*r - s - c*s + 17, -r + 2*s = -9. What is the remainder when r is divided by 3?
1
Let f = 92 - 73. Let x be (-3)/(-3 + 0)*9. Let i = 19 - x. What is the remainder when f is divided by i?
9
Suppose 320 = -30*a + 38*a. Calculate the remainder when a is divided by 12.
4
Suppose -29*k = -15*k - 546. Let c(g) = 8*g**2. What is the remainder when k is divided by c(1)?
7
Suppose -4*p = 16, 2*d - 2*p - 70 = 2*p. Let t = d + -18. Calculate the remainder when 41 is divided by t.
5
Calculate the remainder when 310 is divided by -4 - (-13)/((-143)/(-187)).
11
Suppose 4*n - 37 - 39 = 0. Let h = n - -1. Suppose 4*x = 3*z - 5*z, -4*x - h = -3*z. What is the remainder when 11 is divided by z?
3
Let g(k) = 18*k - 42. What is the remainder when g(7) is divided by 22?
18
Let n(p) be the third derivative of p**4/12 + 2*p**3 - 4*p**2. What is the remainder when n(5) is divided by 13?
9
Let w(o) = -o**3 + o**2 + 2*o + 2. Let x be w(0). Suppose 0*u = 2*b - u - 107, x*u + 52 = b. What is the remainder when b is divided by 19?
16
Suppose 2*f + c - 316 = 5*c, 5*f - c = 772. Calculate the remainder when f is divided by 26.
24
Let t(g) = -2*g - 12. Let z be t(-7). Suppose -2*f = -s + 80, -3*f - z*f = 5. Calculate the remainder when s is divided by 20.
18
Let m = 511 + -508. Calculate the remainder when 28 is divided by m.
1
Suppose 2*d + 3*d = 0, -d = 3*s - 6. What is the remainder when s/(-11) - (-6950)/110 is divided by 16?
15
Let l(d) = -d**3 + 10*d**2 - 12*d - 40. Calculate the remainder when 231 is divided by l(6).
7
Let l = 4088 - 4075. Let o = 67 + -20. What is the remainder when o is divided by l?
8
Let a(k) = -42*k + 178. What is the remainder when a(-22) is divided by 65?
62
Let o be (-4 + 5)*(-11 - 2). Let u = o + 19. What is the remainder when u is divided by (-4 - -6)/((-2)/(-4))?
2
Let p be -1 + 4/2 - 3. Let m be (-6)/(-4)*((-16)/6 - -2). What is the remainder when 1 is divided by (-3*p/(-6))/m?
0
What is the remainder when 43 is divided by 16/12*(-6 + 207/12)?
13
Let q(o) = -5*o**2 + 2*o + 11. Let u be q(-3). Let k = -3 - u. Suppose 4*f - 210 = f + 3*m, -4*f + 3*m = -282. Calculate the remainder when f is divided by k.
35
Let d = -9 + 9. Let n be ((-8)/10)/(20/(-50)). Suppose n*g - 89 - 51 = d. What is the remainder when g is divided by 12?
10
Let y = -240 - -248. What is the remainder when y is divided by 5?
3
Calculate the remainder when 199 is divided by (-8625)/(-414) + -1 + 1/6.
19
Suppose -356*n = -342*n - 7196. Calculate the remainder when n is divided by 40.
34
Let p be -1*(1 + -3)*13. Let v = -21 + p. Let j = 6 + v. Calculate the remainder when j is divided by 6.
5
Suppose 2*x + 4*t = 198, 4*x + 2*t + 3*t = 396. Calculate the remainder when x is divided by 20.
19
Let c(g) = -g**3 + 12*g**2 - 2*g + 12. Let f be c(11). Suppose -o + 35 = -2*i - 5, -3*o + f = 3*i. What is the remainder when 265 is divided by o?
37
Let k(l) = -2*l**2 - 59*l + 45. What is the remainder when k(-29) is divided by (3 - (5 + -3))*25?
24
Let m(v) = -2 + 27*v**2 - 77*v + 76*v + 1. What is the remainder when m(-1) is divided by 17?
10
What is the remainder when 118 is divided by -6 + (-123)/(-82)*46/3?
16
Let v(q) be the first derivative of 10 + 1/3*q**3 - 1/2*q**2 + 86*q. Calculate the remainder when v(0) is divided by 22.
20
Let l(p) = 3*p - 16. Calculate the remainder when 179 is divided by l(10).
11
Let q = -199 + 203. Let i = -24 - -36. What is the remainder when i is divided by q?
0
Let s(c) = 18*c + 489. Suppose -3*k - 2 + 458 = 0. What is the remainder when k is divided by s(-25)?
35
Suppose -2*x = -z - 51, -10*z = -5*x - 7*z + 126. What is the remainder when 37 is divided by x?
10
Suppose -3*u - 8 = -2*y - 3*y, -2*y + 16 = 2*u. Suppose 2*i - 78 = 4*r, -3*i - y*r + 125 = 2*i. What is the remainder when i is divided by 11?
7
Suppose -160 = 8*b - 10*b. Suppose -7*d = -11*d + b. What is the remainder when d is divided by 11?
9
Let k(v) = -v - 15. Let d be k(-17). Let n = d - 0. Suppose j = -n*j + 15. Calculate the remainder when 24 is divided by j.
4
Suppose 3*i = -c + 25, -4*c + 44 = 3*i + 2*i. Let t = i + 7. Let q = 73 - 32. What is the remainder when q is divided by t?
11
Let k = -201 - -240. What is the remainder when 270 is divided by k?
36
Let z = 32 - -45. Suppose 2*b + z = 183. Suppose 4*f - 9*f - 47 = -3*w, 2*f = -w + 23. Calculate the remainder when b is divided by w.
15
Suppose -3*j + 36 = -3*r, 7*j = 2*j + 2*r + 57. What is the remainder when 20 is divided by j?
9
Let x(u) = -u**2 + 7*u - 12. Let f be x(5). Calculate the remainder when 97 is divided by (-38)/(-3) - f/6.
6
Let k be 3 + -1 + -5 + 0. Let h(b) = b**2 - 2*b - 23. Calculate the remainder when -1*k/(-4)*-64 is divided by h(8).
23
Let f be 14/(-49) - 23/(-7). Suppose f*s - 101 = -29. Let q = -13 + s. What is the remainder when 19 is divided by q?
8
Suppose q - 6 = -q. Calculate the remainder when 67 is divided by 8/((-24)/9 + q).
19
Let o be (2 + -5)/(9/24). Let i = o + 10. Suppose i*q = 23 + 41. What is the remainder when q is divided by 17?
15
Let b = 273 + -156. What is the remainder when b is divided by 25?
17
Let s(b) be the second derivative of -2*b**3 - 8*b**2 + 26*b. What is the remainder when 76 is divided by s(-3)?
16
Let z be 1/(-4)*1 - 1833/(-52). Suppose 7*n - 3*n + 5*f = z, 4*f = -2*n + 22. Calculate the remainder when 32 is divided by n.
2
Let f(k) = -k**2 + 10*k + 59. What is the remainder when f(11) is divided by 5?
3
Suppose 4*w - 2*u + 2347 = 3*u, -1 = u. What is the remainder when 1/5 + w/(-10) is divided by 15 - 3/(-9)*0?
14
Let o = 39 + -21. Suppose 0 = -3*l - 3 + 93. Calculate the remainder when l is divided by o.
12
Let m(i) = -173*i**3 + 2*i**2 + 2*i + 1. Let w be m(-1). Suppose w = 6*q + 54. What is the remainder when q is divided by 13?
7
Let p = -1576 - -1848. What is the remainder when p is divided by 14?
6
Let z = 45 - 10. Let d be (2 + (1 - (-4)/(-2)))/(-1). What is the remainder when z is divided by 3/((-108)/(-690)) - d/(-6)?
16
Suppose 0 = 3*p - 2*p - m - 63, -3*m - 9 = 0. Calculate the remainder when 15 is divided by (-4)/14 - (p/(-14) - 4).
7
Let x(j) = j**3 + 8*j**2 + 3*j + 24. Let a be x(-8). Suppose a = -2*h + 49 - 37. Let u = 1 - -2. Calculate the remainder when h is divided by u.
0
Let w(n) = n + 88. What is the remainder when 50 is divided by w(-53)?
15
Let p = -